common divisor of 60622 and 1326?
34
What is the highest common divisor of 158051 and 549?
61
Calculate the highest common factor of 10800 and 5480.
40
Calculate the highest common divisor of 12 and 685764.
12
Calculate the highest common factor of 2033456 and 1216.
304
Calculate the greatest common divisor of 251679 and 215.
43
Calculate the greatest common divisor of 42 and 195132.
42
Calculate the highest common divisor of 45 and 58605.
15
Calculate the greatest common divisor of 16 and 2028112.
16
What is the highest common factor of 5256 and 5402?
146
Calculate the greatest common factor of 12625 and 7171.
101
What is the greatest common divisor of 40 and 15832?
8
What is the greatest common factor of 14705 and 9515?
865
What is the greatest common factor of 675 and 851850?
675
Calculate the greatest common divisor of 344226 and 3090.
618
What is the greatest common factor of 276 and 7797?
69
What is the greatest common divisor of 459 and 81?
27
Calculate the highest common divisor of 805 and 41.
1
What is the greatest common factor of 11303 and 5334?
127
What is the highest common factor of 8943 and 5709?
33
Calculate the greatest common factor of 2058 and 161112.
294
What is the greatest common divisor of 216 and 963?
9
Calculate the highest common divisor of 1806464 and 88.
88
Calculate the greatest common factor of 2407 and 10209.
83
What is the highest common divisor of 3924 and 126004?
436
What is the greatest common divisor of 81 and 323163?
27
What is the greatest common divisor of 27742 and 1936?
22
Calculate the greatest common divisor of 6174 and 732991.
343
Calculate the greatest common divisor of 511099 and 1017.
113
What is the greatest common factor of 37750 and 5738?
302
Calculate the highest common divisor of 888 and 682576.
296
What is the highest common divisor of 679 and 2813?
97
Calculate the highest common factor of 5949 and 96.
3
Calculate the greatest common factor of 3212 and 4672.
292
Calculate the highest common divisor of 4793777 and 447.
149
What is the highest common factor of 1121 and 1357?
59
What is the highest common divisor of 2052 and 10868?
76
Calculate the highest common divisor of 13 and 155233.
13
What is the highest common factor of 4740 and 320?
20
What is the greatest common divisor of 3006 and 1173342?
1002
What is the highest common factor of 1245 and 46755?
15
What is the greatest common factor of 914130 and 525?
105
What is the highest common divisor of 69469 and 34036?
127
What is the greatest common factor of 611064 and 432?
216
Calculate the highest common factor of 3500 and 20.
20
What is the highest common factor of 135 and 2105?
5
Calculate the highest common factor of 42 and 2398179.
21
Calculate the highest common factor of 4456 and 352.
8
What is the highest common divisor of 70 and 4244835?
35
Calculate the greatest common factor of 5139888 and 624.
624
Calculate the greatest common factor of 2115 and 49320.
45
What is the greatest common factor of 110 and 513910?
10
Calculate the greatest common factor of 55 and 3256.
11
Calculate the greatest common divisor of 4 and 39602.
2
Calculate the highest common divisor of 2166 and 209.
19
Calculate the highest common divisor of 140782 and 2924.
86
What is the highest common divisor of 374 and 5933?
17
Calculate the greatest common divisor of 797619 and 3.
3
Calculate the highest common factor of 1851 and 36.
3
Calculate the greatest common factor of 11 and 281666.
11
What is the highest common divisor of 895973 and 13?
13
What is the greatest common factor of 173 and 2089148?
173
What is the highest common factor of 988 and 317908?
76
What is the highest common divisor of 45 and 785205?
45
What is the greatest common factor of 335010 and 312?
78
Calculate the highest common factor of 180 and 381690.
90
What is the greatest common divisor of 2158 and 91?
13
What is the greatest common divisor of 14028 and 32172?
84
Calculate the greatest common factor of 240 and 135024.
48
Calculate the greatest common factor of 180 and 16000.
20
What is the highest common divisor of 1311 and 3243?
69
Calculate the greatest common divisor of 237592 and 1768.
136
Calculate the highest common divisor of 2681458 and 9815.
1963
What is the greatest common divisor of 36881 and 13?
13
Calculate the greatest common divisor of 27 and 2144151.
27
Calculate the highest common factor of 36 and 61.
1
What is the highest common factor of 101 and 138067?
101
What is the highest common divisor of 205 and 20?
5
What is the greatest common divisor of 8 and 10692?
4
Calculate the highest common divisor of 286 and 42460.
22
What is the highest common factor of 41 and 352969?
41
What is the highest common factor of 351543 and 305?
61
What is the greatest common divisor of 709 and 5062969?
709
What is the greatest common divisor of 2455 and 6548467?
491
Calculate the highest common divisor of 410514 and 78.
78
What is the greatest common divisor of 1230 and 210?
30
Calculate the highest common divisor of 41710 and 8170.
430
Calculate the highest common divisor of 689 and 18889.
13
Calculate the highest common divisor of 4408 and 105640.
152
Calculate the greatest common factor of 7986 and 3872.
242
What is the highest common divisor of 13695 and 135?
15
What is the greatest common divisor of 22 and 225082?
22
Calculate the greatest common divisor of 180 and 596.
4
What is the greatest common divisor of 9262 and 220?
22
Calculate the highest common divisor of 3965 and 17485.
65
What is the greatest common factor of 12108 and 10884?
12
Calculate the greatest common divisor of 30 and 125435.
5
Calculate the greatest common factor of 564486 and 78.
78
What is the greatest common divisor of 14620 and 680?
340
Calculate the highest common factor of 123948 and 1188.
396
What is the greatest common factor of 775 and 15593?
31
What is the highest common factor of 4615276 and 172?
172
What is the highest common divisor of 72731 and 8224?
257
Calculate the greatest common divisor of 2634002 and 14.
14
What is the highest common divisor of 349999 and 338?
169
What is the greatest common factor of 638 and 1856?
58
Calculate the highest common factor of 660 and 561.
33
Calculate the greatest common factor of 13617 and 1224.
153
What is the greatest common factor of 2304 and 5328?
144
Calculate the highest common divisor of 1566 and 90306.
522
Calculate the highest common divisor of 1650 and 45930.
30
What is the highest common divisor of 519698 and 86?
86
What is the greatest common factor of 4568 and 16?
8
What is the greatest common factor of 129304 and 672?
56
Calculate the greatest common divisor of 6492 and 1884.
12
Calculate the greatest common divisor of 51174 and 18.
18
What is the greatest common factor of 19837 and 137903?
239
What is the greatest common divisor of 2631 and 225?
3
What is the highest common factor of 1069 and 1717883?
1069
Calculate the highest common divisor of 278 and 273274.
278
Calculate the greatest common factor of 1098 and 2862.
18
What is the highest common factor of 15660 and 945?
135
What is the greatest common factor of 44 and 73172?
44
Calculate the highest common divisor of 148071 and 6699.
231
What is the highest common divisor of 3412 and 3485358?
1706
What is the greatest common divisor of 15484 and 30800?
28
Calculate the greatest common factor of 10370 and 1730.
10
What is the greatest common divisor of 1892519 and 82?
41
What is the greatest common factor of 14000 and 63?
7
What is the highest common divisor of 1409 and 1?
1
What is the highest common divisor of 28766 and 44663?
757
Calculate the highest common divisor of 112 and 4328.
8
What is the highest common factor of 26 and 10673?
13
Calculate the greatest common divisor of 12322 and 606.
202
Calculate the highest common divisor of 546 and 650.
26
Calculate the greatest common divisor of 27 and 575.
1
Calculate the greatest common divisor of 16544 and 11.
11
Calculate the greatest common divisor of 1027 and 42581.
79
What is the greatest common factor of 252 and 248688?
36
What is the greatest common divisor of 230 and 22678?
46
What is the greatest common factor of 9695 and 1760?
5
Calculate the highest common divisor of 94150 and 14.
14
What is the greatest common divisor of 246 an